{"version":"1.0","provider_name":"Fiart Mare","provider_url":"https:\/\/www.fiart.com\/fr\/","author_name":"Giorgia Landolfi","author_url":"https:\/\/www.fiart.com\/fr\/author\/giorgia\/","title":"Fiart au Salon international du bateau de Palma - Fiart Mare","type":"rich","width":600,"height":338,"html":"<blockquote class=\"wp-embedded-content\" data-secret=\"3Ok2auPqbl\"><a href=\"https:\/\/www.fiart.com\/fr\/fiart-au-salon-international-du-bateau-de-palma\/\">Fiart au Salon international du bateau de Palma<\/a><\/blockquote><iframe sandbox=\"allow-scripts\" security=\"restricted\" src=\"https:\/\/www.fiart.com\/fr\/fiart-au-salon-international-du-bateau-de-palma\/embed\/#?secret=3Ok2auPqbl\" width=\"600\" height=\"338\" title=\"\u00ab\u00a0Fiart au Salon international du bateau de Palma\u00a0\u00bb &#8212; Fiart Mare\" data-secret=\"3Ok2auPqbl\" frameborder=\"0\" marginwidth=\"0\" marginheight=\"0\" scrolling=\"no\" class=\"wp-embedded-content\"><\/iframe><script type=\"text\/javascript\">\n\/* <![CDATA[ *\/\n\/*! This file is auto-generated *\/\n!function(d,l){\"use strict\";l.querySelector&&d.addEventListener&&\"undefined\"!=typeof URL&&(d.wp=d.wp||{},d.wp.receiveEmbedMessage||(d.wp.receiveEmbedMessage=function(e){var t=e.data;if((t||t.secret||t.message||t.value)&&!\/[^a-zA-Z0-9]\/.test(t.secret)){for(var s,r,n,a=l.querySelectorAll('iframe[data-secret=\"'+t.secret+'\"]'),o=l.querySelectorAll('blockquote[data-secret=\"'+t.secret+'\"]'),c=new RegExp(\"^https?:$\",\"i\"),i=0;i<o.length;i++)o[i].style.display=\"none\";for(i=0;i<a.length;i++)s=a[i],e.source===s.contentWindow&&(s.removeAttribute(\"style\"),\"height\"===t.message?(1e3<(r=parseInt(t.value,10))?r=1e3:~~r<200&&(r=200),s.height=r):\"link\"===t.message&&(r=new URL(s.getAttribute(\"src\")),n=new URL(t.value),c.test(n.protocol))&&n.host===r.host&&l.activeElement===s&&(d.top.location.href=t.value))}},d.addEventListener(\"message\",d.wp.receiveEmbedMessage,!1),l.addEventListener(\"DOMContentLoaded\",function(){for(var e,t,s=l.querySelectorAll(\"iframe.wp-embedded-content\"),r=0;r<s.length;r++)(t=(e=s[r]).getAttribute(\"data-secret\"))||(t=Math.random().toString(36).substring(2,12),e.src+=\"#?secret=\"+t,e.setAttribute(\"data-secret\",t)),e.contentWindow.postMessage({message:\"ready\",secret:t},\"*\")},!1)))}(window,document);\n\/\/# sourceURL=https:\/\/www.fiart.com\/wp-includes\/js\/wp-embed.min.js\n\/* ]]> *\/\n<\/script>\n","thumbnail_url":"https:\/\/www.fiart.com\/wp-content\/uploads\/2023\/04\/foto-invito-1-scaled.jpg","thumbnail_width":2560,"thumbnail_height":1752,"description":"Pour Fiart, le printemps 2023 est plac\u00e9 sous le signe de la consolidation sur les march\u00e9s \u00e9trangers, avec une pr\u00e9sence de plus en plus marqu\u00e9e et capillaire dans les salons professionnels les plus prestigieux. Le prochain rendez-vous \u00e0 l\u2019\u00e9tranger est pr\u00e9vu pour le Palma International Boat Show, qui se tiendra sur la charmante \u00eele de &hellip;"}

Pour Fiart, le printemps 2023 est placé sous le signe de la consolidation sur les marchés étrangers, avec une présence de plus en plus marquée et capillaire dans les salons professionnels les plus prestigieux. Le prochain rendez-vous à l’étranger est prévu pour le Palma International Boat Show, qui se tiendra sur la charmante île de &hellip;
